04
Calculate (-16 + 8 + 14 - (-10 + 31)) + 10 - 6.
-11
Calculate -26 + (-52 - -29 - -13).
-36
Evaluate (-35 - -28 - (33 - -1)) + 11 + (-18 - 6).
-54
Calculate 8 + -2 + (1 - -8) + 379 + -385.
9
What is -3 + 34 + -48 + 11?
-6
Evaluate (-35 - -20 - -63) + (4 + -2 - (-5 - 0)).
55
(59 - 29 - -14) + -29
15
Evaluate (135 - 151) + (2 - (40 + -1)).
-53
What is the value of -126 + (16 - (-4 - (10 - 6))) + 19?
-83
Calculate (82 + -39 - 84) + (-6 - 1).
-48
Calculate -84 + (-24 - -24) + (-15 - 1) + (26 - -4).
-70
Calculate 12 + -3 + (5 - (5 - 7) - (3 - -9)).
4
-17 - (-32 + 47 - 42 - (3 - -1))
14
What is the value of -66 - (-254 + 94 - -49)?
45
What is the value of 27 + 158 + -19 + -42 - (-2 - -2 - 1)?
125
What is (-26 + 28 + (-2 - 0) + 6 - -51) + -5?
52
Evaluate (2 - (27 + -46 + 13)) + 0 + -4.
4
What is the value of -2 - (15 + -4 + 17 + -13 + 22)?
-39
What is 3 + (14 - 24 - -2) + (-12 - 2 - 59)?
-78
-3 + 35 + (49 - 71)
10
Evaluate -8 + -21 + 14 + -4 + 91.
72
What is the value of 4 + -17 + 44 + -21 + 3?
13
Calculate 19 + 81 + -18 - (-35 - -66).
51
-26 + 0 - (363 - 538) - (-10 + 9)
150
Calculate (3 - 1 - 3) + 4105 + -4124 + (11 - -2).
-7
19 + 29 - 25 - -18
41
Evaluate 5 + (-22 - 2) + 26 - 17.
-10
50 - ((-1 - 10) + (-17 + (-10 - -33) - 0))
55
What is the value of -1 - 13 - (-25 - -45 - 24)?
-10
What is the value of (3783 - 3786) + (18 - (0 + 2))?
13
(0 - -89) + -47 + (-3 + 8 - -34)
81
Calculate (-17 - ((-13 - (16 - 40)) + -27)) + -13.
-14
What is the value of 93 - (-51 - (-14 + -90))?
40
What is (84 - -78) + -143 - (-21 - 1)?
41
3 + -13 + -12 + 22 - ((-2 - 1) + 7)
-4
Calculate (-2 - (-18 - (10 - 22)) - -2) + -20.
-14
Calculate -5075 + 5086 + (-3 - -1).
9
-44 - (-4 - 8 - 21 - -10 - -9)
-30
What is the value of (1 - (-7 + 5 + (2 - -12))) + -13?
-24
-24 - (-17 + -4) - (-17 - -29)
-15
Evaluate -72 - (68 + -60 - 46).
-34
What is (11 - 4) + 7 + 23 + -41?
-4
11 - (4 - (-3 - 0) - (-78 - -80))
6
-16 + ((4 - -22) + -12 - -1)
-1
Evaluate -291 - -193 - (-135 + -18).
55
What is the value of -8 + -34 - -41 - (2 - 10) - 9?
-2
What is -4 - 10 - (-7 - 2) - 21?
-26
Calculate (-1 - 12) + 13 + 2 - (-1 + -1).
4
Evaluate 20 - (226 + -238 + (0 - 2 - -9)).
25
Calculate 4 - 36 - (-72 + -81 - -14).
107
What is (-3 - 64) + 21 + (6 + 11 - 20)?
-49
Evaluate -4 + (-31 - 2) + (-27 - -19).
-45
What is 11 - (16 - 45) - 90?
-50
Calculate 68 - 29 - (18 + 5) - 18.
-2
What is the value of -56 + 0 - (12691 + -12689)?
-58
What is the value of (-21 - -11) + 3 - (-100 + 3) - 7?
83
3 + -45 + 76 + -48
-14
What is (-40 - -13 - (2 + -87)) + -17?
41
Evaluate 0 - 10 - (32 - (31 - -19)) - 44.
-36
What is the value of (-9 + (12 - -1) - 15) + -5 + 7?
-9
What is the value of (-3 - (-32 + 25)) + (-24 - 15)?
-35
Calculate -322 - -325 - (0 + 25) - 13.
-35
Calculate 26 + -9 + -2 + -2 - (45 + -96).
64
What is the value of (-38 - -34) + -5 + (12 - 15) - (-86 + 0)?
74
What is the value of (-470 - -414) + -15 + -35?
-106
What is 16 + (-10 - (-3 - -69))?
-60
Evaluate (6 - ((-1 + -7 - (17 + -52)) + -7)) + -10.
-24
-26 - (-65 + 19 + 14)
6
What is the value of -422 + 455 - (101 - -2)?
-70
Calculate -142 - (-84 + -125 - -156).
-89
(-62 - -68 - 20) + -23
-37
What is the value of -2 + 37 + -60 + 13 - 10?
-22
What is the value of 3314 + -3291 - (3 + -1)?
21
What is the value of (93 - -1) + (-243 + 127 - -114)?
92
What is the value of -27 + -1 + 1 + (-204 - -86 - -126) + -2?
-21
What is the value of 0 + (15 - 9) + (24 - -1) + 4 + -11?
24
Evaluate -15 + (1661 - 1643 - (-1 - (0 + -2))).
2
What is the value of -39 - ((-689 - -646) + (0 - -19))?
-15
What is -958 + 947 + -1 + 6 - 50?
-56
Evaluate 6 + -59 + -23 + 96.
20
Evaluate (6 + 2 - (-43 - -31)) + -13.
7
What is the value of 6 + -4 + -46 - ((7 - 21) + 11 + -4)?
-37
Calculate 1549 + -1562 - ((2 - 2) + 0 + -47).
34
Evaluate 32 + -2 + (-175 - -182) - (-2 + 8).
31
Evaluate (69 - 26 - (-19 - -50)) + 0 + -105 + 1.
-92
What is the value of -2 + (7 + 1 - 8) + (5 - -5) + -26?
-18
Evaluate (116 - 98) + (31 - 11).
38
Evaluate 1 + 0 + -12 - (133 + (-261 - -141)).
-24
What is the value of 16 - (1 + -28 - (-146 - -102 - (1 - 45)))?
43
What is 4 + -2 - (60 - -15 - (19 - 6))?
-60
What is 25 - 2 - (196 - 186) - (-108 - 0)?
121
What is the value of -6 + (4 - 15 - (3 + 12 + -14))?
-18
What is the value of (4 + -8 - -12) + 2 - (-22 + 1 + 40)?
-9
What is -42 + (-43 - (-132 + 92))?
-45
What is 2 + (0 - -3) + -102 + 36 + -48 + 41?
-68
Evaluate -8 + (13 - (1 + -16 + -9)).
29
-2 - (12 + -21 + (-9 - 1 - 28 - -7))
38
Calculate 11 + 12 + -3 + 16 + -8 + 0.
28
What is the value of 1 - (-14 + (-28 - (7 + -96)))?
-46
(-13 + 29 - -1 - 39) + -9
-31
Evaluate 15 - (-9 + -1 + -9 + 28).
6
-82 + ((-11 - -12) + 17 - -12)
-52
What is the value of -61 - -92 - (-4 - 0)?
35
Calculate 1 + -26 + -15 + -11 - (12 + -5 + 0).
-58
Calculate 79 + 11 + -23 + 4 + -13.
58
Calculate -13 - (-67 - -59 - 41).
36
What is -86 - (101 + -21 - 37)?
-129
Evaluate -39 + -11 + 27 + 8 + (22 - -1).
8
Calculate 3 + -47 + 4 - (-2 + 5 - -5).
-48
Evaluate 6 - 158 - (-555 + 489).
-86
Calculate -3 - 3 - (10 + -1 + -23) - (-27 - -2).
33
Evaluate (-52 - (-5 + 3)) + -5 + -7 + -10 + 19.
-53
Evaluate -4 - -17 - (213 + -214 - (8 + 2)).
24
(52 - 15) + (-3 - 43)
-9
Calculate -13 + (0 - 51) + (6 - 14 - -12 - -7).
-53
79 + -127 - -97 - 48
1
What is the value of 8 - (-1 + 13 + -5 + -28)?
29
What is the value of 88 - (32 + -17 - (-5 - (-4 + -4)))?
76
155 - 164 - (-5 + 10 + 2 + -37 + 36)
-15
What is the value of -35 - (-2 + 5) - (-30 + 41)?
-49
-18 + ((2 - (2 + -3)) + (-16 - 0) - -10)
-21
What is (46 - (27 + 0)) + 2 + 24?
45
Evaluate (-9 - 58) + -13 - (4 - (4 + (-4 - -5))).
-79
Calculate ((2 - -18) + -98 + 99 - 14) + 14.
21
Calculate (5 - -3 - -3) + 65 + (-59 - 10).
7
Evaluate (-5 - (46 + -9)) + 17 + 19 - 103.
-109
What is (10 + -5 - ((-8 - -11) + 48)) + 0 + 7?
-39
Calculate 62 + -8 - (-49 + 58 + (-33 + 5 - -6)).
67
Calculate (-2 - -1) + (101 + -84 - (-32 - 0)).
48
Calculate -6 + 131 - (131 + 98).
-104
What is the value of 31 + -48 - (16 - (47 + -13) - -14)?
-13
(-16 - (13 - 16 - 50)) + (-1 - 13)
23
What is the value of (-156 - -183 - (6 - 1)) + -5 + 12?
29
1323 + -1320 - (94 + 0)
-91
-53 + -30 + 85 + -22
-20
(13 - 24) + -9 + ((-7 - -20) + -1 - -3)
-5
Calculate 132 + -234 + -17 + 15 + -22.
-126
What is -32 + 44 - (-97 - -2) - (15 + -12 - 11)?
115
What is the value of -8 + -26 + (-31 - -77) + 11?
23
Evaluate 58 + -31 + -20 + (101 - (-3 + 2 - 3)).
112
Evaluate 529 - 501 - (13 - 14).
29
What is (4 - -2) + (-1 - (-9 + 26) - -8)?
-4
Evaluate 56 + -165 - (-58 + -53).
2
Calculate 10 + ((20 - -3) + -14 - 16) + 40.
43
-11 + (-79 - (-32 - 50) - (-30 + 1))
21
Calculate -25 + (1666 - 1676 - (-1 + -134)).
100
Calculate -5284 + 5299 + (-70 + -4 - (0 - 1)).
-58
Evaluate 32 + -30 - (-122 - (-9 - (-19 - -17))).
117
Calculate -81 - (-176 + 127 - 34).
2
What is the value of 80 + 2 - (11 - (-66 + 60))?
65
What is the value of 20 + -82 - 24 - (-5 + -10)?
-71
(-6 - (76 - 39 - 11)) + -36
-68
Evaluate -12 - (29 - 13) - (294 - 340).
18
What is -106 + ((-72 - -34) + 32 - (-2 - -1))?
-111
What is -11 - (0 + -2 + -7) - -9 - -4?
11
35 + -49 - (-9 + 16 + -10 - -29)
-40
What is -40 + -138 + 124 + -2 + 27?
-29
What is the value of -140 - ((-36 - 0) + 21) - -36?
-89
What is -46 - -94 - (2 + 5) - -3?
44
Evaluate (-7 + (-8 - -17) - 4 - 5) + -49.
-56
Calculate -22 - (2 + -23) - (-1 - -14) - 45.
-59
Evaluate -88 + 21 + (-14 - 67).
-148
(0 - -109) + (9 + (-2 - -7) - (141 + -116))
98
What is 11737 - 11689 - (-1 + 72)?
-23
What is -144 + 62 - -89 - (65 + 2) - (4 + 11)?
-75
What is (1 - -3) + 20 + 23 + -53?
-6
-49 - (-61 + 69 + -64)
7
Evaluate (2 - (0 - 0) - 0) + (3123 - 3116).
9
Calculate 56 - (13 - (-4 - 18 - -17)).
38
Calculate 47 + -15 + 57 - 21.
68
What is the value of -3 - 1 - (-9 - (7 - 3) - 33)?
42
Evaluate -99 - ((-48 - -102) + -68 + 22 + -2).
-105
Calculate -29 - (-61 + (52 - -23)).
-43
What is -41 + (-4 - -10 - (-3 - (-8 - -2 - 5)))?
-43
Calculate (12 - 7) + -11 - (207 - 210).
-3
What is -9 - (13 + -27) - -26?
31
(-18 - 0) + (10 - 20)
-28
What is the value of 80 - (-42 - (80 + -222))?
-20
Evaluate 14 + -23 + 2 - 54.
-61
Evaluate 74 - ((57 - 72) + 97).
-8
What is the value of -5 + 27 - (31 - 7 - 7) - 74?
-69
What is the value of 5 - 13 - (9 + (-25 - -24) + 4 + 1)?
-21
48 - (-48 - -39) - 3